insert into species (speciesID, categoryID, subCategoryID, commonName, scientificName, imagePath, maxLength, lifeSpanLow, lifeSpanHigh, diet) values
	('aeneas-corydoras', 'fish', 'corydoras', 'Bronze Corydoras', 'Corydoras Aeneas', 'fish/corydoras/aeneas.jpg', 3, 8, 10, 'Omnivore');
insert into speciesFeeding (speciesID, foodTypeID, mon, tue, wed, thu, fri, sat, sun) values
	('aeneas-corydoras', 'bugBites', 0, 0, 0, 1, 0, 0, 1);
insert into speciesSources (speciesID, pattern, source, pricePer, qtyInPack, link) values
	('aeneas-corydoras', 'normal', 'AquaHuna', 3.82, 6, 'https://aquahuna.com/products/aeneus-cory'),
	('aeneas-corydoras', 'albino', 'AquaHuna', 3.82, 6, 'https://aquahuna.com/collections/catfish/products/albino-cory?variant=33071508324427'),
	('aeneas-corydoras', 'albino', 'PetCo', 5.49, 1, '');
insert into speciesPatterns (speciesID, pattern, patternName) values
	('aeneas-corydoras', 'albino', 'Albino');


insert into species (speciesID, categoryID, subCategoryID, commonName, scientificName, imagePath, maxLength, lifeSpanLow, lifeSpanHigh, diet) values
	('ellisae-corydoras', 'fish', 'corydoras', 'Ellisae Corydoras', 'Corydoras Ellisae', 'fish/corydoras/ellisae.jpg', 2, 4, 5, 'Omnivore');
insert into speciesSources (speciesID, source, pricePer, qtyInPack, link) values
	('ellisae-corydoras', 'AquaHuna', 8, 4, 'https://aquahuna.com/collections/catfish/products/ellisae-corydoras');
insert into speciesAlternateNames (speciesID, alternateName) values
	('ellisae-corydoras', 'Two Point Cory');
insert into speciesFeeding (speciesID, foodTypeID, mon, tue, wed, thu, fri, sat, sun) values
	('ellisae-corydoras', 'bugBites', 0, 0, 0, 1, 0, 0, 1);


insert into species (speciesID, categoryID, subCategoryID, commonName, scientificName, imagePath, maxLength, lifeSpanLow, lifeSpanHigh, diet) values
	('julii-corydoras', 'fish', 'corydoras', 'Julii Corydoras (False)', 'Corydoras Trilineatus', 'fish/corydoras/julii.jpg', 0, 0, 0, 'Omnivore');
insert into speciesSources (speciesID, source, pricePer, qtyInPack, link) values
	('julii-corydoras', 'AquaHuna', 4.5, 6, 'https://aquahuna.com/products/julii-cory'),
	('julii-corydoras', 'PetCo', 7.99, 1, '');
insert into speciesAlternateNames (speciesID, alternateName) values
	('julii-corydoras', 'Leopard Catfish'),
	('julii-corydoras', 'Three Line Cory'),
	('julii-corydoras', 'False Julii');
insert into speciesFeeding (speciesID, foodTypeID, mon, tue, wed, thu, fri, sat, sun) values
	('julii-corydoras', 'bugBites', 0, 0, 0, 1, 0, 0, 1);


insert into species (speciesID, categoryID, subCategoryID, commonName, scientificName, imagePath, maxLength, lifeSpanLow, lifeSpanHigh, diet) values
	('panda-corydoras', 'fish', 'corydoras', 'Panda Corydoras', 'Hoplisoma panda', 'fish/corydoras/panda.jpg', 0, 0, 0, 'Omnivore');
insert into speciesSources (speciesID, source, pricePer, qtyInPack, link) values
	('panda-corydoras', 'Aquahuna', 4.33, 1, 'https://aquahuna.com/collections/catfish/products/panda-cory'),
	('panda-corydoras', 'PetCo', 7.99, 1, ''),
	('panda-corydoras', 'PetSmart', 6.99, 1, '');
insert into speciesFeeding (speciesID, foodTypeID, mon, tue, wed, thu, fri, sat, sun) values
	('panda-corydoras', 'bugBites', 0, 0, 0, 1, 0, 0, 1);


insert into species (speciesID, categoryID, subCategoryID, commonName, scientificName, imagePath, maxLength, lifeSpanLow, lifeSpanHigh, diet) values
	('orange-venezuelan-corydoras', 'fish', 'corydoras', 'Orange Venezuelan Corydoras', 'Corydoras Venezuelanus', 'fish/corydoras/orange-venezuelan.jpg', 2.5, 4, 5, 'Omnivore');
insert into speciesSources (speciesID, source, pricePer, qtyInPack, link) values
	('orange-venezuelan-corydoras', 'AquaHuna', 8, 4, 'https://aquahuna.com/collections/catfish/products/orange-venezuelan-cory');
insert into speciesAlternateNames (speciesID, alternateName) values
	('orange-venezuelan-corydoras', 'Red Sailfin Corydoras');
insert into speciesFeeding (speciesID, foodTypeID, mon, tue, wed, thu, fri, sat, sun) values
	('orange-venezuelan-corydoras', 'bugBites', 0, 0, 0, 1, 0, 0, 1);


insert into species (speciesID, categoryID, subCategoryID, commonName, scientificName, imagePath, maxLength, lifeSpanLow, lifeSpanHigh, diet) values
	('paleatus-corydoras', 'fish', 'corydoras', 'Peppered Corydoras', 'Corydoras Paleatus', 'fish/corydoras/paleatus.jpg', 2.8, 8, 10, 'Omnivore');
insert into speciesSources (speciesID, source, pricePer, qtyInPack, link) values
	('paleatus-corydoras', 'AquaHuna', 3.82, 6, 'https://aquahuna.com/products/paleatus-cory?_pos=2&_sid=c10d26a5e&_ss=r'),
	('paleatus-corydoras', 'PetCo', 4.99, 1, '');
insert into speciesFeeding (speciesID, foodTypeID, mon, tue, wed, thu, fri, sat, sun) values
	('paleatus-corydoras', 'bugBites', 0, 0, 0, 1, 0, 0, 1);


insert into species (speciesID, categoryID, subCategoryID, commonName, scientificName, imagePath, maxLength, lifeSpanLow, lifeSpanHigh, diet) values
	('pygmy-corydoras', 'fish', 'corydoras', 'Pygmy Corydoras', 'Corydoras Hastatus', 'fish/corydoras/pygmy.jpg', 1.3, 3, 5, 'Omnivore');
insert into speciesSources (speciesID, source, pricePer, qtyInPack, link) values
	('pygmy-corydoras', 'Aquahuna', 4, 6, 'https://aquahuna.com/collections/catfish/products/pygmy-cory'),
	('pygmy-corydoras', 'PetCo', 2.99, 1, '');
insert into speciesAlternateNames (speciesID, alternateName) values
	('pygmy-corydoras', 'Dwarf Catfish'),
	('pygmy-corydoras', 'Tail Spot Pygmy Catfish'),
	('pygmy-corydoras', 'Micro Catfish');
insert into speciesFeeding (speciesID, foodTypeID, mon, tue, wed, thu, fri, sat, sun) values
	('pygmy-corydoras', 'bugBites', 0, 0, 0, 1, 0, 0, 1);


insert into species (speciesID, categoryID, subCategoryID, commonName, scientificName, imagePath, maxLength, lifeSpanLow, lifeSpanHigh, diet) values
	('sterbai-corydoras', 'fish', 'corydoras', 'Sterbai Corydoras', 'Corydoras Sterbai', 'fish/corydoras/sterbai.jpg', 2.6, 15, 25, 'Omnivore');
insert into speciesSources (speciesID, source, pricePer, qtyInPack, link) values
	('sterbai-corydoras', 'AquaHuna', 6.5, 4, 'https://aquahuna.com/collections/catfish/products/sterbai-cory'),
	('sterbai-corydoras', 'PetCo', 0, 1, '');
insert into speciesFeeding (speciesID, foodTypeID, mon, tue, wed, thu, fri, sat, sun) values
	('sterbai-corydoras', 'bugBites', 0, 0, 0, 1, 0, 0, 1);


insert into species (speciesID, categoryID, subCategoryID, commonName, scientificName, imagePath, maxLength, lifeSpanLow, lifeSpanHigh, diet) values
	('emerald-green-corydoras', 'fish', 'corydoras', 'Emerald Green Corydoras', 'Corydoras Splendens', 'fish/corydoras/emerald-green.jpg', 3.15, 5, 10, 'Omnivore');
insert into speciesSources (speciesID, source, pricePer, qtyInPack) values
	('emerald-green-corydoras', 'PetCo', 7.99, 1);
insert into speciesFeeding (speciesID, foodTypeID, mon, tue, wed, thu, fri, sat, sun) values
	('emerald-green-corydoras', 'bugBites', 0, 0, 0, 1, 0, 0, 1);


insert into species (speciesID, categoryID, subCategoryID, commonName, scientificName, imagePath, maxLength, lifeSpanLow, lifeSpanHigh, diet) values
	('skunk-corydoras', 'fish', 'corydoras', 'Skunk Corydoras', 'Corydoras Arcuatus', 'fish/corydoras/skunk.jpg', 2.5, 5, 8, 'Omnivore');
insert into speciesSources (speciesID, source, pricePer, qtyInPack) values
	('skunk-corydoras', 'PetCo', 7.99, 1);
insert into speciesFeeding (speciesID, foodTypeID, mon, tue, wed, thu, fri, sat, sun) values
	('skunk-corydoras', 'bugBites', 0, 0, 0, 1, 0, 0, 1);


